{"id":25,"date":"2026-05-07T12:27:39","date_gmt":"2026-05-07T12:27:39","guid":{"rendered":"https:\/\/charlottetaton.fr\/?page_id=25"},"modified":"2026-05-08T17:50:15","modified_gmt":"2026-05-08T15:50:15","slug":"echocardiographie","status":"publish","type":"page","link":"https:\/\/charlottetaton.fr\/index.php\/echocardiographie\/","title":{"rendered":"\u00c9chocardiographie"},"content":{"rendered":"\n<p>L\u2019\u00e9chocardiographie est un examen d\u2019imagerie de r\u00e9f\u00e9rence pour l\u2019exploration du c\u0153ur chez les animaux. <\/p>\n\n\n\n<p>Bas\u00e9e sur l\u2019utilisation des ultrasons, elle permet d\u2019observer de mani\u00e8re dynamique les structures cardiaques (cavit\u00e9s, valves) et d\u2019analyser pr\u00e9cis\u00e9ment le fonctionnement du c\u0153ur, sans douleur ni risque pour l\u2019animal.<\/p>\n\n\n\n<div class=\"wp-block-media-text is-stacked-on-mobile\"><figure class=\"wp-block-media-text__media\"><img loading=\"lazy\" decoding=\"async\" width=\"1016\" height=\"708\" src=\"https:\/\/charlottetaton.fr\/wp-content\/uploads\/2026\/05\/Doppler-couleur-Insuffisance-mitrale.jpg\" alt=\"\" class=\"wp-image-206 size-full\" srcset=\"https:\/\/charlottetaton.fr\/wp-content\/uploads\/2026\/05\/Doppler-couleur-Insuffisance-mitrale.jpg 1016w, https:\/\/charlottetaton.fr\/wp-content\/uploads\/2026\/05\/Doppler-couleur-Insuffisance-mitrale-300x209.jpg 300w, https:\/\/charlottetaton.fr\/wp-content\/uploads\/2026\/05\/Doppler-couleur-Insuffisance-mitrale-768x535.jpg 768w\" sizes=\"auto, (max-width: 1016px) 100vw, 1016px\" \/><\/figure><div class=\"wp-block-media-text__content\">\n<p>Cet examen est essentiel dans le diagnostic et le suivi des maladies cardiaques, notamment en cas de souffle, de fatigue, d\u2019intol\u00e9rance \u00e0 l\u2019effort, de toux ou de difficult\u00e9s respiratoires. Il permet de d\u00e9tecter des anomalies telles que des maladies valvulaires, des cardiomyopathies ou des malformations cong\u00e9nitales.<\/p>\n\n\n\n<p>L\u2019\u00e9chographie ci-contre montre une insuffisance mitrale.<\/p>\n<\/div><\/div>\n\n\n\n<p>Cet examen est essentiel dans le diagnostic et le suivi des maladies cardiaques, notamment en cas de souffle, de fatigue, d\u2019intol\u00e9rance \u00e0 l\u2019effort, de toux ou de difficult\u00e9s respiratoires. Il permet de d\u00e9tecter des anomalies telles que des maladies valvulaires, des cardiomyopathies ou des malformations cong\u00e9nitales.<\/p>\n\n\n\n<div class=\"wp-block-media-text is-stacked-on-mobile\"><figure class=\"wp-block-media-text__media\"><video controls src=\"https:\/\/charlottetaton.fr\/wp-content\/uploads\/2026\/05\/Video-flux-pulmonaire.mp4\"><\/video><\/figure><div class=\"wp-block-media-text__content\">\n<p>L\u2019\u00e9chocardiographie est un outil cl\u00e9 pour adapter le traitement et suivre son efficacit\u00e9 dans le temps, contribuant ainsi \u00e0 am\u00e9liorer la qualit\u00e9 de vie et le pronostic de votre animal.<\/p>\n\n\n\n<p>Ci-contre: vid\u00e9o d&rsquo;un flux pulmonaire<\/p>\n<\/div><\/div>\n","protected":false},"excerpt":{"rendered":"<p>L\u2019\u00e9chocardiographie est un examen d\u2019imagerie de r\u00e9f\u00e9rence pour l\u2019exploration du c\u0153ur chez les animaux. Bas\u00e9e sur l\u2019utilisation des ultrasons, elle permet d\u2019observer de mani\u00e8re dynamique les structures cardiaques (cavit\u00e9s, valves) et d\u2019analyser pr\u00e9cis\u00e9ment le fonctionnement du c\u0153ur, sans douleur ni risque pour l\u2019animal. Cet examen est essentiel dans le diagnostic et le suivi des maladies&#8230;<\/p>\n","protected":false},"author":1,"featured_media":0,"parent":0,"menu_order":0,"comment_status":"closed","ping_status":"closed","template":"","meta":{"_monsterinsights_skip_tracking":false,"_monsterinsights_sitenote_active":false,"_monsterinsights_sitenote_note":"","_monsterinsights_sitenote_category":0,"_kad_post_transparent":"","_kad_post_title":"","_kad_post_layout":"","_kad_post_sidebar_id":"","_kad_post_content_style":"","_kad_post_vertical_padding":"","_kad_post_feature":"","_kad_post_feature_position":"","_kad_post_header":false,"_kad_post_footer":false,"_kad_post_classname":"","footnotes":""},"class_list":["post-25","page","type-page","status-publish","hentry"],"aioseo_notices":[],"_links":{"self":[{"href":"https:\/\/charlottetaton.fr\/index.php\/wp-json\/wp\/v2\/pages\/25","targetHints":{"allow":["GET"]}}],"collection":[{"href":"https:\/\/charlottetaton.fr\/index.php\/wp-json\/wp\/v2\/pages"}],"about":[{"href":"https:\/\/charlottetaton.fr\/index.php\/wp-json\/wp\/v2\/types\/page"}],"author":[{"embeddable":true,"href":"https:\/\/charlottetaton.fr\/index.php\/wp-json\/wp\/v2\/users\/1"}],"replies":[{"embeddable":true,"href":"https:\/\/charlottetaton.fr\/index.php\/wp-json\/wp\/v2\/comments?post=25"}],"version-history":[{"count":3,"href":"https:\/\/charlottetaton.fr\/index.php\/wp-json\/wp\/v2\/pages\/25\/revisions"}],"predecessor-version":[{"id":214,"href":"https:\/\/charlottetaton.fr\/index.php\/wp-json\/wp\/v2\/pages\/25\/revisions\/214"}],"wp:attachment":[{"href":"https:\/\/charlottetaton.fr\/index.php\/wp-json\/wp\/v2\/media?parent=25"}],"curies":[{"name":"wp","href":"https:\/\/api.w.org\/{rel}","templated":true}]}}