{"id":47,"date":"2026-05-07T13:23:54","date_gmt":"2026-05-07T13:23:54","guid":{"rendered":"https:\/\/charlottetaton.fr\/?page_id=47"},"modified":"2026-05-12T12:04:46","modified_gmt":"2026-05-12T10:04:46","slug":"accueil","status":"publish","type":"page","link":"https:\/\/charlottetaton.fr\/","title":{"rendered":"Accueil"},"content":{"rendered":"\n<div class=\"wp-block-media-text is-stacked-on-mobile\"><figure class=\"wp-block-media-text__media\"><img loading=\"lazy\" decoding=\"async\" width=\"1024\" height=\"683\" src=\"http:\/\/charlottetaton.fr\/wp-content\/uploads\/2026\/05\/IMG_1063_Bi-2-1024x683.jpg\" alt=\"\" class=\"wp-image-148 size-full\" srcset=\"https:\/\/charlottetaton.fr\/wp-content\/uploads\/2026\/05\/IMG_1063_Bi-2-1024x683.jpg 1024w, https:\/\/charlottetaton.fr\/wp-content\/uploads\/2026\/05\/IMG_1063_Bi-2-300x200.jpg 300w, https:\/\/charlottetaton.fr\/wp-content\/uploads\/2026\/05\/IMG_1063_Bi-2-768x512.jpg 768w, https:\/\/charlottetaton.fr\/wp-content\/uploads\/2026\/05\/IMG_1063_Bi-2-1536x1024.jpg 1536w, https:\/\/charlottetaton.fr\/wp-content\/uploads\/2026\/05\/IMG_1063_Bi-2-2048x1365.jpg 2048w\" sizes=\"auto, (max-width: 1024px) 100vw, 1024px\" \/><\/figure><div class=\"wp-block-media-text__content\">\n<p>Charlotte Taton est docteur v\u00e9t\u00e9rinaire depuis 2011, issue de l\u2019Universit\u00e9 Libre de Bruxelles (ULB) puis de l\u2019Universit\u00e9 de Li\u00e8ge (ULg) et ayant d\u00e9velopp\u00e9 une expertise en \u00e9chographie g\u00e9n\u00e9rale et m\u00e9decine interne lors d&rsquo;un stage de longue dur\u00e9e au Centre Hospitalier v\u00e9t\u00e9rinaire de Nantes (CHV Atlantia).<\/p>\n\n\n\n<p>Co-autrice de l\u2019\u201cEncyclop\u00e9die anim\u00e9e d\u2019imagerie cardiovasculaire ultrasonore du chien et du chat\u201c parue chez Elsevier en 2018, elle exerce actuellement en client\u00e8le et travaille sur de nombreux projets en lien avec la p\u00e9dagogie et l\u2019aide au diagnostic cardiaque, en particulier dans le domaine du d\u00e9veloppement num\u00e9rique.<\/p>\n<\/div><\/div>\n\n\n<h5>Le Docteur v\u00e9t\u00e9rinaire Charlotte Taton vous propose deux services distincts pour les particuliers ou les v\u00e9t\u00e9rinaires<\/h5>\n<p>(cliquez sur l&rsquo;un de ces 2 boutons pour plus d&rsquo;infos ou prendre un rendez-vous):<\/p>\n\n\n<div class=\"wp-block-group is-nowrap is-layout-flex wp-container-core-group-is-layout-ad2f72ca wp-block-group-is-layout-flex\">\n<div class=\"wp-block-buttons is-layout-flex wp-block-buttons-is-layout-flex\">\n<div class=\"wp-block-button has-custom-width wp-block-button__width-50\" id=\"adom\"><a class=\"wp-block-button__link has-medium-font-size has-custom-font-size wp-element-button\" href=\"https:\/\/charlottetaton.fr\/index.php\/veto-a-dom\/\" title=\"\u00c0 domicile\" style=\"border-top-left-radius:10px;border-top-right-radius:10px;border-bottom-left-radius:10px;border-bottom-right-radius:10px\">V\u00e9t\u00e9rinaire \u00e0 domicile\n<br><br>pour les particuliers<\/a><\/div>\n\n\n\n<div class=\"wp-block-button has-custom-width wp-block-button__width-50\" id=\"echo\"><a class=\"wp-block-button__link has-medium-font-size has-custom-font-size wp-element-button\" href=\"https:\/\/charlottetaton.fr\/index.php\/echo\/\" title=\"\u00c9cho\" style=\"border-top-left-radius:10px;border-top-right-radius:10px;border-bottom-left-radius:10px;border-bottom-right-radius:10px\">Consultation en \u00e9chographie et cardiographie <br>pour les professionnels<\/a><\/div>\n<\/div>\n<\/div>\n","protected":false},"excerpt":{"rendered":"<p>Charlotte Taton est docteur v\u00e9t\u00e9rinaire depuis 2011, issue de l\u2019Universit\u00e9 Libre de Bruxelles (ULB) puis de l\u2019Universit\u00e9 de Li\u00e8ge (ULg) et ayant d\u00e9velopp\u00e9 une expertise en \u00e9chographie g\u00e9n\u00e9rale et m\u00e9decine interne lors d&rsquo;un stage de longue dur\u00e9e au Centre Hospitalier v\u00e9t\u00e9rinaire de Nantes (CHV Atlantia). Co-autrice de l\u2019\u201cEncyclop\u00e9die anim\u00e9e d\u2019imagerie cardiovasculaire ultrasonore du chien et&#8230;<\/p>\n","protected":false},"author":1,"featured_media":0,"parent":0,"menu_order":0,"comment_status":"closed","ping_status":"closed","template":"","meta":{"_monsterinsights_skip_tracking":false,"_monsterinsights_sitenote_active":false,"_monsterinsights_sitenote_note":"","_monsterinsights_sitenote_category":0,"_kad_post_transparent":"","_kad_post_title":"","_kad_post_layout":"","_kad_post_sidebar_id":"","_kad_post_content_style":"","_kad_post_vertical_padding":"","_kad_post_feature":"","_kad_post_feature_position":"","_kad_post_header":false,"_kad_post_footer":false,"_kad_post_classname":"","footnotes":""},"class_list":["post-47","page","type-page","status-publish","hentry"],"aioseo_notices":[],"_links":{"self":[{"href":"https:\/\/charlottetaton.fr\/index.php\/wp-json\/wp\/v2\/pages\/47","targetHints":{"allow":["GET"]}}],"collection":[{"href":"https:\/\/charlottetaton.fr\/index.php\/wp-json\/wp\/v2\/pages"}],"about":[{"href":"https:\/\/charlottetaton.fr\/index.php\/wp-json\/wp\/v2\/types\/page"}],"author":[{"embeddable":true,"href":"https:\/\/charlottetaton.fr\/index.php\/wp-json\/wp\/v2\/users\/1"}],"replies":[{"embeddable":true,"href":"https:\/\/charlottetaton.fr\/index.php\/wp-json\/wp\/v2\/comments?post=47"}],"version-history":[{"count":120,"href":"https:\/\/charlottetaton.fr\/index.php\/wp-json\/wp\/v2\/pages\/47\/revisions"}],"predecessor-version":[{"id":341,"href":"https:\/\/charlottetaton.fr\/index.php\/wp-json\/wp\/v2\/pages\/47\/revisions\/341"}],"wp:attachment":[{"href":"https:\/\/charlottetaton.fr\/index.php\/wp-json\/wp\/v2\/media?parent=47"}],"curies":[{"name":"wp","href":"https:\/\/api.w.org\/{rel}","templated":true}]}}